{"id":9235,"date":"2021-01-25T20:00:18","date_gmt":"2021-01-25T19:00:18","guid":{"rendered":"http:\/\/neu.ass-denkendorf.de\/?page_id=9235"},"modified":"2026-01-15T13:12:22","modified_gmt":"2026-01-15T12:12:22","slug":"schulanmeldung-neue-5er","status":"publish","type":"page","link":"https:\/\/www.ass-denkendorf.de\/?page_id=9235","title":{"rendered":"Schulanmeldung neue 5er"},"content":{"rendered":"<div id=\"pl-gb9235-69fb358010f9b\"  class=\"panel-layout wp-block-siteorigin-panels-layout-block\" ><div id=\"pg-gb9235-69fb358010f9b-0\"  class=\"panel-grid panel-no-style\" ><div id=\"pgc-gb9235-69fb358010f9b-0-0\"  class=\"panel-grid-cell\" ><div id=\"panel-gb9235-69fb358010f9b-0-0-0\" class=\"so-panel widget widget_sow-editor panel-first-child panel-last-child\" data-index=\"0\" ><div\n\t\t\t\n\t\t\tclass=\"so-widget-sow-editor so-widget-sow-editor-base\"\n\t\t\t\n\t\t>\n<div class=\"siteorigin-widget-tinymce textwidget\">\n\t<p>Leitfaden zur Anmeldung <a href=\"https:\/\/www.ass-denkendorf.de\/wp-content\/uploads\/2026\/01\/2026_Elternbrief-Leitfaden-zur-Anmeldung.pdf\" target=\"_blank\" rel=\"noopener\">bitte hier klicken<\/a><\/p>\n<\/div>\n<\/div><\/div><\/div><\/div><div id=\"pg-gb9235-69fb358010f9b-1\"  class=\"panel-grid panel-no-style\" ><div id=\"pgc-gb9235-69fb358010f9b-1-0\"  class=\"panel-grid-cell\" ><div id=\"panel-gb9235-69fb358010f9b-1-0-0\" class=\"so-panel widget widget_sow-editor panel-first-child panel-last-child\" data-index=\"1\" ><div\n\t\t\t\n\t\t\tclass=\"so-widget-sow-editor so-widget-sow-editor-base\"\n\t\t\t\n\t\t>\n<div class=\"siteorigin-widget-tinymce textwidget\">\n\t<p>Anmeldeformular Klasse 5 <a href=\"https:\/\/www.ass-denkendorf.de\/wp-content\/uploads\/2026\/01\/2026_Anmeldeformular-Klasse-5.pdf\" target=\"_blank\" rel=\"noopener\">bitte hier klicken<\/a><\/p>\n<\/div>\n<\/div><\/div><\/div><\/div><div id=\"pg-gb9235-69fb358010f9b-2\"  class=\"panel-grid panel-no-style\" ><div id=\"pgc-gb9235-69fb358010f9b-2-0\"  class=\"panel-grid-cell\" ><div id=\"panel-gb9235-69fb358010f9b-2-0-0\" class=\"so-panel widget widget_sow-editor panel-first-child panel-last-child\" data-index=\"2\" ><div\n\t\t\t\n\t\t\tclass=\"so-widget-sow-editor so-widget-sow-editor-base\"\n\t\t\t\n\t\t>\n<div class=\"siteorigin-widget-tinymce textwidget\">\n\t<p>Masernschutz-Elternbrief Neuaufnahme <a href=\"https:\/\/www.ass-denkendorf.de\/wp-content\/uploads\/2025\/02\/2025_Masernschutz-Elternbrief-Neuaufnahme.pdf\" target=\"_blank\" rel=\"noopener\">bitte hier klicken<\/a><\/p>\n<\/div>\n<\/div><\/div><\/div><\/div><div id=\"pg-gb9235-69fb358010f9b-3\"  class=\"panel-grid panel-no-style\" ><div id=\"pgc-gb9235-69fb358010f9b-3-0\"  class=\"panel-grid-cell\" ><div id=\"panel-gb9235-69fb358010f9b-3-0-0\" class=\"so-panel widget widget_sow-editor panel-first-child panel-last-child\" data-index=\"3\" ><div\n\t\t\t\n\t\t\tclass=\"so-widget-sow-editor so-widget-sow-editor-base\"\n\t\t\t\n\t\t>\n<div class=\"siteorigin-widget-tinymce textwidget\">\n\t<p>Netiquette Teams <a href=\"https:\/\/www.ass-denkendorf.de\/wp-content\/uploads\/2021\/01\/Netiquette-in-Teams.pdf\" target=\"_blank\" rel=\"noopener noreferrer\">bitte hier klicken<\/a><\/p>\n<\/div>\n<\/div><\/div><\/div><\/div><div id=\"pg-gb9235-69fb358010f9b-4\"  class=\"panel-grid panel-no-style\" ><div id=\"pgc-gb9235-69fb358010f9b-4-0\"  class=\"panel-grid-cell\" ><div id=\"panel-gb9235-69fb358010f9b-4-0-0\" class=\"so-panel widget widget_sow-editor panel-first-child panel-last-child\" data-index=\"4\" ><div\n\t\t\t\n\t\t\tclass=\"so-widget-sow-editor so-widget-sow-editor-base\"\n\t\t\t\n\t\t>\n<div class=\"siteorigin-widget-tinymce textwidget\">\n\t<p>Mittagessen an der ASS <a href=\"https:\/\/www.ass-denkendorf.de\/wp-content\/uploads\/2024\/10\/Neuer-Flyer-Mittagessen-an-der-Albert-Schweitzer-Schule-Stan.pdf\" target=\"_blank\" rel=\"noopener\">bitte hier klicken<\/a><\/p>\n<\/div>\n<\/div><\/div><\/div><\/div><div id=\"pg-gb9235-69fb358010f9b-5\"  class=\"panel-grid panel-no-style\" ><div id=\"pgc-gb9235-69fb358010f9b-5-0\"  class=\"panel-grid-cell\" ><div id=\"panel-gb9235-69fb358010f9b-5-0-0\" class=\"so-panel widget widget_sow-editor panel-first-child panel-last-child\" data-index=\"5\" ><div\n\t\t\t\n\t\t\tclass=\"so-widget-sow-editor so-widget-sow-editor-base\"\n\t\t\t\n\t\t>\n<div class=\"siteorigin-widget-tinymce textwidget\">\n\t<p>Infobrief Eltern D-Ticket JugendBW <a href=\"https:\/\/www.ass-denkendorf.de\/wp-content\/uploads\/2024\/02\/Infobrief-Eltern-D-Ticket-JugendBW.pdf\" target=\"_blank\" rel=\"noopener\">bitte hier klicken<\/a><\/p>\n<\/div>\n<\/div><\/div><\/div><\/div><div id=\"pg-gb9235-69fb358010f9b-6\"  class=\"panel-grid panel-no-style\" ><div id=\"pgc-gb9235-69fb358010f9b-6-0\"  class=\"panel-grid-cell\" ><div id=\"panel-gb9235-69fb358010f9b-6-0-0\" class=\"so-panel widget widget_sow-editor panel-first-child panel-last-child\" data-index=\"6\" ><div\n\t\t\t\n\t\t\tclass=\"so-widget-sow-editor so-widget-sow-editor-base\"\n\t\t\t\n\t\t>\n<div class=\"siteorigin-widget-tinymce textwidget\">\n\t<p><strong>Schulwegepl\u00e4ne f\u00fcr die Grund- und Realschule<\/strong><\/p>\n<p>Schulwegeplan f\u00fcr Fu\u00dfg\u00e4nger <a href=\"https:\/\/www.ass-denkendorf.de\/wp-content\/uploads\/2025\/03\/Schulwegplan-mit-Bus-ab-2013-als-PDF.pdf\" target=\"_blank\" rel=\"noopener\">bitte hier klicken<\/a><\/p>\n<p>Schulwegeplan f\u00fcr Fahrradfahrer <a href=\"https:\/\/www.ass-denkendorf.de\/wp-content\/uploads\/2025\/03\/Schulradwegplan.pdf\" target=\"_blank\" rel=\"noopener\">bitte hier klicken<\/a><\/p>\n<\/div>\n<\/div><\/div><\/div><\/div><\/div>","protected":false},"excerpt":{"rendered":"<p>Leitfaden zur Anmeldung bitte hier klicken Anmeldeformular Klasse 5 bitte hier klicken<\/p>\n","protected":false},"author":1,"featured_media":0,"parent":6131,"menu_order":0,"comment_status":"closed","ping_status":"closed","template":"","meta":{"_mc_calendar":[],"footnotes":""},"class_list":["post-9235","page","type-page","status-publish","hentry"],"_links":{"self":[{"href":"https:\/\/www.ass-denkendorf.de\/index.php?rest_route=\/wp\/v2\/pages\/9235"}],"collection":[{"href":"https:\/\/www.ass-denkendorf.de\/index.php?rest_route=\/wp\/v2\/pages"}],"about":[{"href":"https:\/\/www.ass-denkendorf.de\/index.php?rest_route=\/wp\/v2\/types\/page"}],"author":[{"embeddable":true,"href":"https:\/\/www.ass-denkendorf.de\/index.php?rest_route=\/wp\/v2\/users\/1"}],"replies":[{"embeddable":true,"href":"https:\/\/www.ass-denkendorf.de\/index.php?rest_route=%2Fwp%2Fv2%2Fcomments&post=9235"}],"version-history":[{"count":30,"href":"https:\/\/www.ass-denkendorf.de\/index.php?rest_route=\/wp\/v2\/pages\/9235\/revisions"}],"predecessor-version":[{"id":12161,"href":"https:\/\/www.ass-denkendorf.de\/index.php?rest_route=\/wp\/v2\/pages\/9235\/revisions\/12161"}],"up":[{"embeddable":true,"href":"https:\/\/www.ass-denkendorf.de\/index.php?rest_route=\/wp\/v2\/pages\/6131"}],"wp:attachment":[{"href":"https:\/\/www.ass-denkendorf.de\/index.php?rest_route=%2Fwp%2Fv2%2Fmedia&parent=9235"}],"curies":[{"name":"wp","href":"https:\/\/api.w.org\/{rel}","templated":true}]}}