{"id":53,"date":"2016-02-06T01:22:04","date_gmt":"2016-02-06T00:22:04","guid":{"rendered":"http:\/\/neu.ass-denkendorf.de\/?page_id=53"},"modified":"2019-02-19T13:14:04","modified_gmt":"2019-02-19T12:14:04","slug":"kontakt","status":"publish","type":"page","link":"https:\/\/www.ass-denkendorf.de\/?page_id=53","title":{"rendered":"Kontakt"},"content":{"rendered":"<div id=\"pl-53\"  class=\"panel-layout\" ><div id=\"pg-53-0\"  class=\"panel-grid panel-no-style\" ><div id=\"pgc-53-0-0\"  class=\"panel-grid-cell\" ><div id=\"panel-53-0-0-0\" class=\"so-panel widget widget_sow-editor panel-first-child panel-last-child\" data-index=\"0\" ><div\n\t\t\t\n\t\t\tclass=\"so-widget-sow-editor so-widget-sow-editor-base\"\n\t\t\t\n\t\t>\n<div class=\"siteorigin-widget-tinymce textwidget\">\n\t<p><strong>Adresse<\/strong><\/p>\n<p>Albert-Schweitzer-Schule<\/p>\n<p>Goethestra\u00dfe 58<\/p>\n<p>73770\u00a0 Denkendorf<\/p>\n<p><strong>Telefon\/Fax<\/strong><\/p>\n<p>Tel. 0711-3416969-0<\/p>\n<p>Fax\u00a0 0711-3416969-69<\/p>\n<p><strong>E-Mail:<\/strong><\/p>\n<p>Sekretariat: poststelle@04122373.schule.bwl.de<\/p>\n<p><strong>\u00d6ffnungszeiten Seketariat<\/strong><\/p>\n<p>Montag bis Freitag<\/p>\n<p>8:00 Uhr bis 12:00 Uhr<\/p>\n<p>(au\u00dferhalb der \u00d6ffnungszeiten ist der Anrufbeantworter aktiv)<\/p>\n<p>&nbsp;<\/p>\n<p><strong>Link zum Lehrerkollegium<\/strong> <a href=\"http:\/\/neu.ass-denkendorf.de\/?page_id=96\" target=\"_blank\" rel=\"noopener\">bitte hier klicken<\/a><\/p>\n<\/div>\n<\/div><\/div><\/div><\/div><\/div>","protected":false},"excerpt":{"rendered":"<p>Adresse Albert-Schweitzer-Schule Goethestra\u00dfe 58 73770\u00a0 Denkendorf Telefon\/Fax Tel. 0711-3416969-0 Fax\u00a0 0711-3416969-69 E-Mail: Sekretariat: poststelle@04122373.schule.bwl.de \u00d6ffnungszeiten Seketariat Montag bis Freitag 8:00 Uhr bis 12:00 Uhr (au\u00dferhalb der \u00d6ffnungszeiten ist der Anrufbeantworter aktiv) &nbsp; Link zum Lehrerkollegium bitte hier klicken<\/p>\n","protected":false},"author":1,"featured_media":0,"parent":0,"menu_order":0,"comment_status":"closed","ping_status":"closed","template":"","meta":{"_mc_calendar":[],"footnotes":""},"class_list":["post-53","page","type-page","status-publish","hentry"],"_links":{"self":[{"href":"https:\/\/www.ass-denkendorf.de\/index.php?rest_route=\/wp\/v2\/pages\/53"}],"collection":[{"href":"https:\/\/www.ass-denkendorf.de\/index.php?rest_route=\/wp\/v2\/pages"}],"about":[{"href":"https:\/\/www.ass-denkendorf.de\/index.php?rest_route=\/wp\/v2\/types\/page"}],"author":[{"embeddable":true,"href":"https:\/\/www.ass-denkendorf.de\/index.php?rest_route=\/wp\/v2\/users\/1"}],"replies":[{"embeddable":true,"href":"https:\/\/www.ass-denkendorf.de\/index.php?rest_route=%2Fwp%2Fv2%2Fcomments&post=53"}],"version-history":[{"count":12,"href":"https:\/\/www.ass-denkendorf.de\/index.php?rest_route=\/wp\/v2\/pages\/53\/revisions"}],"predecessor-version":[{"id":4904,"href":"https:\/\/www.ass-denkendorf.de\/index.php?rest_route=\/wp\/v2\/pages\/53\/revisions\/4904"}],"wp:attachment":[{"href":"https:\/\/www.ass-denkendorf.de\/index.php?rest_route=%2Fwp%2Fv2%2Fmedia&parent=53"}],"curies":[{"name":"wp","href":"https:\/\/api.w.org\/{rel}","templated":true}]}}