{"id":43,"date":"2016-02-06T01:20:05","date_gmt":"2016-02-06T00:20:05","guid":{"rendered":"http:\/\/neu.ass-denkendorf.de\/?page_id=43"},"modified":"2026-01-22T13:23:59","modified_gmt":"2026-01-22T12:23:59","slug":"ass-allgemein","status":"publish","type":"page","link":"https:\/\/www.ass-denkendorf.de\/?page_id=43","title":{"rendered":"ASS allgemein"},"content":{"rendered":"<div id=\"pl-43\"  class=\"panel-layout\" ><div id=\"pg-43-0\"  class=\"panel-grid panel-no-style\" ><div id=\"pgc-43-0-0\"  class=\"panel-grid-cell\" ><div id=\"panel-43-0-0-0\" class=\"so-panel widget widget_sow-editor panel-first-child panel-last-child\" data-index=\"0\" ><div\n\t\t\t\n\t\t\tclass=\"so-widget-sow-editor so-widget-sow-editor-base\"\n\t\t\t\n\t\t>\n<div class=\"siteorigin-widget-tinymce textwidget\">\n\t<p><strong>Schuljahr 2025\/2026<\/strong><\/p>\n<\/div>\n<\/div><\/div><\/div><\/div><div id=\"pg-43-1\"  class=\"panel-grid panel-no-style\" ><div id=\"pgc-43-1-0\"  class=\"panel-grid-cell\" ><div id=\"panel-43-1-0-0\" class=\"so-panel widget widget_sow-editor panel-first-child panel-last-child\" data-index=\"1\" ><div\n\t\t\t\n\t\t\tclass=\"so-widget-sow-editor so-widget-sow-editor-base\"\n\t\t\t\n\t\t>\n<div class=\"siteorigin-widget-tinymce textwidget\">\n\t<div class=\"message-text\"><strong>Die Schulgemeinschaft der Albert-Schweitzer-Schule w\u00fcnscht allen ein frohes Weihnachtsfest und einen guten Rutsch ins neue Jahr<\/strong><\/div>\n<\/div>\n<\/div><\/div><\/div><\/div><div id=\"pg-43-2\"  class=\"panel-grid panel-no-style\" ><div id=\"pgc-43-2-0\"  class=\"panel-grid-cell\" ><div id=\"panel-43-2-0-0\" class=\"so-panel widget widget_sow-image panel-first-child panel-last-child\" data-index=\"2\" ><div\n\t\t\t\n\t\t\tclass=\"so-widget-sow-image so-widget-sow-image-default-8b5b6f678277-43\"\n\t\t\t\n\t\t>\n<div class=\"sow-image-container\">\n\t\t<img \n\tsrc=\"https:\/\/www.ass-denkendorf.de\/wp-content\/uploads\/2025\/12\/Foto-Weihnachtsbaum-2025.jpg\" width=\"525\" height=\"720\" srcset=\"https:\/\/www.ass-denkendorf.de\/wp-content\/uploads\/2025\/12\/Foto-Weihnachtsbaum-2025.jpg 525w, https:\/\/www.ass-denkendorf.de\/wp-content\/uploads\/2025\/12\/Foto-Weihnachtsbaum-2025-219x300.jpg 219w\" sizes=\"(max-width: 525px) 100vw, 525px\" title=\"Foto Weihnachtsbaum 2025\" alt=\"\" \t\tclass=\"so-widget-image\"\/>\n\t<\/div>\n\n<\/div><\/div><\/div><\/div><div id=\"pg-43-3\"  class=\"panel-grid panel-no-style\" ><div id=\"pgc-43-3-0\"  class=\"panel-grid-cell\" ><div id=\"panel-43-3-0-0\" class=\"so-panel widget widget_sow-editor panel-first-child panel-last-child\" data-index=\"3\" ><div\n\t\t\t\n\t\t\tclass=\"so-widget-sow-editor so-widget-sow-editor-base\"\n\t\t\t\n\t\t>\n<div class=\"siteorigin-widget-tinymce textwidget\">\n\t<p style=\"text-align: justify;\"><strong>Ein echter Hingucker \u2013 der M+E-Info Truck an der ASS<\/strong><\/p>\n<p style=\"text-align: justify;\">Ist Ihnen im Zeitraum vom 10. \u2013 12.11.2025 \u00a0auf dem Parkplatz vor der Albert-Schweitzer-Schule vielleicht ein besonders gro\u00dfer Lastwagen aufgefallen?<\/p>\n<p style=\"text-align: justify;\">Dann haben Sie den M+E-Info Truck, einen mobilen Informations- und Erlebnistruck, gesehen! Es handelt sich dabei um einen Lastwagen der Metall- und Elektro-Industrie, ausgestattet mit erlebnisorientierter Hightech auf zwei Etagen. Dieser bot unseren Sch\u00fclerinnen und Sch\u00fclern der 8. und 9. Klassen f\u00fcr jeweils 90 Minuten ein ganz besonderes, au\u00dferschulisches Lernerlebnis.<\/p>\n<p style=\"text-align: justify;\">Mit dem M+E-Info Truck k\u00f6nnen verschiedene Themenfelder abgedeckt werden \u2013 von der Bewerbung \u00fcber konkrete Berufe in der M+E-Industrie bis hin zum Kennenlernen von regionalen Betrieben mit ihrem Ausbildungsangebot.<\/p>\n<\/div>\n<\/div><\/div><\/div><\/div><div id=\"pg-43-4\"  class=\"panel-grid panel-no-style\" ><div id=\"pgc-43-4-0\"  class=\"panel-grid-cell\" ><div id=\"panel-43-4-0-0\" class=\"so-panel widget widget_sow-image panel-first-child panel-last-child\" data-index=\"4\" ><div\n\t\t\t\n\t\t\tclass=\"so-widget-sow-image so-widget-sow-image-default-8b5b6f678277-43\"\n\t\t\t\n\t\t>\n<div class=\"sow-image-container\">\n\t\t<img \n\tsrc=\"https:\/\/www.ass-denkendorf.de\/wp-content\/uploads\/2025\/12\/Foto-Truck-S.-Fogl.jpg\" width=\"360\" height=\"480\" srcset=\"https:\/\/www.ass-denkendorf.de\/wp-content\/uploads\/2025\/12\/Foto-Truck-S.-Fogl.jpg 360w, https:\/\/www.ass-denkendorf.de\/wp-content\/uploads\/2025\/12\/Foto-Truck-S.-Fogl-225x300.jpg 225w\" sizes=\"(max-width: 360px) 100vw, 360px\" title=\"Foto Truck S. Fogl\" alt=\"\" \t\tclass=\"so-widget-image\"\/>\n\t<\/div>\n\n<\/div><\/div><\/div><\/div><div id=\"pg-43-5\"  class=\"panel-grid panel-no-style\" ><div id=\"pgc-43-5-0\"  class=\"panel-grid-cell\" ><div id=\"panel-43-5-0-0\" class=\"so-panel widget widget_sow-editor panel-first-child panel-last-child\" data-index=\"5\" ><div\n\t\t\t\n\t\t\tclass=\"so-widget-sow-editor so-widget-sow-editor-base\"\n\t\t\t\n\t\t>\n<div class=\"siteorigin-widget-tinymce textwidget\">\n\t<p><strong>Schulhocketse<\/strong><\/p>\n<p>&nbsp;<\/p>\n<p style=\"text-align: justify;\"><span data-olk-copy-source=\"MessageBody\">Unsere Schulhocketse am 26.09.2025 nutzte unser F\u00f6rderverein FASS f\u00fcr die mehr als erfreuliche Bekanntgabe einer gro\u00dfen und erfolgreichen Spendenaktion (ausf\u00fchrlicher Bericht folgt). Mit Unterst\u00fctzung von Mitarbeitenden der DITF, des Kinderbeirats der Kinderstiftung Esslingen-N\u00fcrtingen und der ganzen Elternschaft kann der FASS der Schule nun 12 Lego-Spike-Roboter zur Verf\u00fcgung stellen. Und als w\u00e4re das nicht schon Anlass zum Feiern genug, bekamen wir\u00a0 k\u00fcrzlich noch die Zusage der Firma Festo SE &amp; Co. KG, eine Anzahl von 12 weiteren Lego-Spike-Robotern zu spenden. Die Freude dar\u00fcber ist riesengro\u00df, die Schule bedankt sich beim FASS und bei allen Sponsoren! Wie sch\u00f6n, dass alle bei der \u00dcbergabe dabei sein konnten!<\/span><\/p>\n<\/div>\n<\/div><\/div><\/div><\/div><div id=\"pg-43-6\"  class=\"panel-grid panel-no-style\" ><div id=\"pgc-43-6-0\"  class=\"panel-grid-cell\" ><div id=\"panel-43-6-0-0\" class=\"so-panel widget widget_sow-image panel-first-child panel-last-child\" data-index=\"6\" ><div\n\t\t\t\n\t\t\tclass=\"so-widget-sow-image so-widget-sow-image-default-8b5b6f678277-43\"\n\t\t\t\n\t\t>\n<div class=\"sow-image-container\">\n\t\t<img \n\tsrc=\"https:\/\/www.ass-denkendorf.de\/wp-content\/uploads\/2025\/09\/IMG_1983topII.jpg\" width=\"1036\" height=\"691\" srcset=\"https:\/\/www.ass-denkendorf.de\/wp-content\/uploads\/2025\/09\/IMG_1983topII.jpg 1036w, https:\/\/www.ass-denkendorf.de\/wp-content\/uploads\/2025\/09\/IMG_1983topII-300x200.jpg 300w, https:\/\/www.ass-denkendorf.de\/wp-content\/uploads\/2025\/09\/IMG_1983topII-1024x683.jpg 1024w, https:\/\/www.ass-denkendorf.de\/wp-content\/uploads\/2025\/09\/IMG_1983topII-768x512.jpg 768w, https:\/\/www.ass-denkendorf.de\/wp-content\/uploads\/2025\/09\/IMG_1983topII-272x182.jpg 272w\" sizes=\"(max-width: 1036px) 100vw, 1036px\" alt=\"\" \t\tclass=\"so-widget-image\"\/>\n\t<\/div>\n\n<\/div><\/div><\/div><\/div><div id=\"pg-43-7\"  class=\"panel-grid panel-no-style\" ><div id=\"pgc-43-7-0\"  class=\"panel-grid-cell\" ><div id=\"panel-43-7-0-0\" class=\"so-panel widget widget_sow-editor panel-first-child panel-last-child\" data-index=\"7\" ><div\n\t\t\t\n\t\t\tclass=\"so-widget-sow-editor so-widget-sow-editor-base\"\n\t\t\t\n\t\t>\n<div class=\"siteorigin-widget-tinymce textwidget\">\n\t<p style=\"text-align: justify;\">Foto: h.v.l. Frau Kornelija Ljubek-Ples (Kinderbeirats der Kinderstiftung Esslingen-N\u00fcrtingen), Frau Lena M\u00fcller und Frau Meike Kirnberger (<span data-olk-copy-source=\"MessageBody\">Mitarbeitende DITF<\/span>), Herr Stefan Schwerdtle (FESTO), Herr Frieder Raichle (IT-Lehrkraft Albert-Schweitzer-Schule)<br \/>\nv.v.l. Frau <span data-olk-copy-source=\"MessageBody\">Melanie Schweizer<\/span> (1. Vorsitzende F\u00f6rderverein FASS), Frau Ute Schad (2. Vorsitzende F\u00f6rderverein FASS), Frau Jutta Engelmann (<span data-olk-copy-source=\"MessageBody\">Mitarbeitende DITF<\/span>), Frau Eva Marggraf (Schulleiterin Albert-Schweitzer-Schule), Frau Franziska Amend\u00a0 (IT-Lehrkraft Albert-Schweitzer-Schule), Frau Jasmin M\u00fcller und Frau Rea Lenser (FESTO)<\/p>\n<\/div>\n<\/div><\/div><\/div><\/div><div id=\"pg-43-8\"  class=\"panel-grid panel-no-style\" ><div id=\"pgc-43-8-0\"  class=\"panel-grid-cell\" ><div id=\"panel-43-8-0-0\" class=\"so-panel widget widget_sow-image panel-first-child panel-last-child\" data-index=\"8\" ><div\n\t\t\t\n\t\t\tclass=\"so-widget-sow-image so-widget-sow-image-default-8b5b6f678277-43\"\n\t\t\t\n\t\t>\n<div class=\"sow-image-container\">\n\t\t<img \n\tsrc=\"https:\/\/www.ass-denkendorf.de\/wp-content\/uploads\/2025\/09\/Schulhocketse1.jpg\" width=\"977\" height=\"551\" srcset=\"https:\/\/www.ass-denkendorf.de\/wp-content\/uploads\/2025\/09\/Schulhocketse1.jpg 977w, https:\/\/www.ass-denkendorf.de\/wp-content\/uploads\/2025\/09\/Schulhocketse1-300x169.jpg 300w, https:\/\/www.ass-denkendorf.de\/wp-content\/uploads\/2025\/09\/Schulhocketse1-768x433.jpg 768w\" sizes=\"(max-width: 977px) 100vw, 977px\" alt=\"\" \t\tclass=\"so-widget-image\"\/>\n\t<\/div>\n\n<\/div><\/div><\/div><\/div><div id=\"pg-43-9\"  class=\"panel-grid panel-no-style\" ><div id=\"pgc-43-9-0\"  class=\"panel-grid-cell\" ><div id=\"panel-43-9-0-0\" class=\"so-panel widget widget_sow-image panel-first-child panel-last-child\" data-index=\"9\" ><div\n\t\t\t\n\t\t\tclass=\"so-widget-sow-image so-widget-sow-image-default-8b5b6f678277-43\"\n\t\t\t\n\t\t>\n<div class=\"sow-image-container\">\n\t\t<img \n\tsrc=\"https:\/\/www.ass-denkendorf.de\/wp-content\/uploads\/2025\/09\/Schulhocketse2.jpg\" width=\"975\" height=\"548\" srcset=\"https:\/\/www.ass-denkendorf.de\/wp-content\/uploads\/2025\/09\/Schulhocketse2.jpg 975w, https:\/\/www.ass-denkendorf.de\/wp-content\/uploads\/2025\/09\/Schulhocketse2-300x169.jpg 300w, https:\/\/www.ass-denkendorf.de\/wp-content\/uploads\/2025\/09\/Schulhocketse2-768x432.jpg 768w\" sizes=\"(max-width: 975px) 100vw, 975px\" alt=\"\" \t\tclass=\"so-widget-image\"\/>\n\t<\/div>\n\n<\/div><\/div><\/div><\/div><div id=\"pg-43-10\"  class=\"panel-grid panel-no-style\" ><div id=\"pgc-43-10-0\"  class=\"panel-grid-cell\" ><div id=\"panel-43-10-0-0\" class=\"so-panel widget widget_sow-image panel-first-child panel-last-child\" data-index=\"10\" ><div\n\t\t\t\n\t\t\tclass=\"so-widget-sow-image so-widget-sow-image-default-8b5b6f678277-43\"\n\t\t\t\n\t\t>\n<div class=\"sow-image-container\">\n\t\t<img \n\tsrc=\"https:\/\/www.ass-denkendorf.de\/wp-content\/uploads\/2025\/09\/Willkommen-zurueck.jpg\" width=\"720\" height=\"960\" srcset=\"https:\/\/www.ass-denkendorf.de\/wp-content\/uploads\/2025\/09\/Willkommen-zurueck.jpg 720w, https:\/\/www.ass-denkendorf.de\/wp-content\/uploads\/2025\/09\/Willkommen-zurueck-225x300.jpg 225w\" sizes=\"(max-width: 720px) 100vw, 720px\" title=\"Willkommen zur\u00fcck\" alt=\"\" \t\tclass=\"so-widget-image\"\/>\n\t<\/div>\n\n<\/div><\/div><\/div><\/div><\/div>","protected":false},"excerpt":{"rendered":"<p>Schuljahr 2025\/2026 Die Schulgemeinschaft der Albert-Schweitzer-Schule w\u00fcnscht allen ein frohes Weihnachtsfest und einen guten Rutsch ins neue Jahr<\/p>\n","protected":false},"author":1,"featured_media":0,"parent":0,"menu_order":0,"comment_status":"closed","ping_status":"closed","template":"","meta":{"_mc_calendar":[],"footnotes":""},"class_list":["post-43","page","type-page","status-publish","hentry"],"_links":{"self":[{"href":"https:\/\/www.ass-denkendorf.de\/index.php?rest_route=\/wp\/v2\/pages\/43"}],"collection":[{"href":"https:\/\/www.ass-denkendorf.de\/index.php?rest_route=\/wp\/v2\/pages"}],"about":[{"href":"https:\/\/www.ass-denkendorf.de\/index.php?rest_route=\/wp\/v2\/types\/page"}],"author":[{"embeddable":true,"href":"https:\/\/www.ass-denkendorf.de\/index.php?rest_route=\/wp\/v2\/users\/1"}],"replies":[{"embeddable":true,"href":"https:\/\/www.ass-denkendorf.de\/index.php?rest_route=%2Fwp%2Fv2%2Fcomments&post=43"}],"version-history":[{"count":388,"href":"https:\/\/www.ass-denkendorf.de\/index.php?rest_route=\/wp\/v2\/pages\/43\/revisions"}],"predecessor-version":[{"id":3192,"href":"https:\/\/www.ass-denkendorf.de\/index.php?rest_route=\/wp\/v2\/pages\/43\/revisions\/3192"}],"wp:attachment":[{"href":"https:\/\/www.ass-denkendorf.de\/index.php?rest_route=%2Fwp%2Fv2%2Fmedia&parent=43"}],"curies":[{"name":"wp","href":"https:\/\/api.w.org\/{rel}","templated":true}]}}