{"id":2,"date":"2016-02-03T18:16:44","date_gmt":"2016-02-03T17:16:44","guid":{"rendered":"http:\/\/neu.ass-denkendorf.de\/?page_id=2"},"modified":"2026-03-19T13:06:12","modified_gmt":"2026-03-19T12:06:12","slug":"beispiel-seite","status":"publish","type":"page","link":"https:\/\/www.ass-denkendorf.de\/","title":{"rendered":"Herzlich Willkommen"},"content":{"rendered":"<div id=\"pl-2\"  class=\"panel-layout\" ><div id=\"pg-2-0\"  class=\"panel-grid panel-no-style\" ><div id=\"pgc-2-0-0\"  class=\"panel-grid-cell\" ><div id=\"panel-2-0-0-0\" class=\"so-panel widget widget_sow-editor panel-first-child panel-last-child\" data-index=\"0\" ><div\n\t\t\t\n\t\t\tclass=\"so-widget-sow-editor so-widget-sow-editor-base\"\n\t\t\t\n\t\t>\n<div class=\"siteorigin-widget-tinymce textwidget\">\n\t<p><strong>Aktuelles:<\/strong><\/p>\n<\/div>\n<\/div><\/div><\/div><\/div><div id=\"pg-2-1\"  class=\"panel-grid panel-no-style\" ><div id=\"pgc-2-1-0\"  class=\"panel-grid-cell\" ><div id=\"panel-2-1-0-0\" class=\"so-panel widget widget_sow-editor panel-first-child panel-last-child\" data-index=\"1\" ><div\n\t\t\t\n\t\t\tclass=\"so-widget-sow-editor so-widget-sow-editor-base\"\n\t\t\t\n\t\t>\n<div class=\"siteorigin-widget-tinymce textwidget\">\n\t<p style=\"text-align: justify;\"><strong>Pr\u00e4sentation des Themenelternabends \"Digitale Gefahren besser verstehen\" vom 17.03.26 , der freundlicherweise vom F\u00f6rderverein FASS gesponsert wurde.<\/strong><\/p>\n<p><img loading=\"lazy\" decoding=\"async\" class=\"alignnone size-medium wp-image-12253\" src=\"https:\/\/www.ass-denkendorf.de\/wp-content\/uploads\/2026\/03\/Digitale-Gefahren-300x161.jpg\" alt=\"\" width=\"300\" height=\"161\" srcset=\"https:\/\/www.ass-denkendorf.de\/wp-content\/uploads\/2026\/03\/Digitale-Gefahren-300x161.jpg 300w, https:\/\/www.ass-denkendorf.de\/wp-content\/uploads\/2026\/03\/Digitale-Gefahren-1024x549.jpg 1024w, https:\/\/www.ass-denkendorf.de\/wp-content\/uploads\/2026\/03\/Digitale-Gefahren-768x412.jpg 768w, https:\/\/www.ass-denkendorf.de\/wp-content\/uploads\/2026\/03\/Digitale-Gefahren.jpg 1160w\" sizes=\"(max-width: 300px) 100vw, 300px\" \/><\/p>\n<p><strong>Pr\u00e4sentation <\/strong><a href=\"https:\/\/www.ass-denkendorf.de\/wp-content\/uploads\/2026\/03\/Digitale-Gefahren-besser-verstehen.pdf\" target=\"_blank\" rel=\"noopener\">bitte hier klicken<\/a><\/p>\n<\/div>\n<\/div><\/div><\/div><\/div><div id=\"pg-2-2\"  class=\"panel-grid panel-no-style\" ><div id=\"pgc-2-2-0\"  class=\"panel-grid-cell\" ><div id=\"panel-2-2-0-0\" class=\"so-panel widget widget_sow-image panel-first-child panel-last-child\" data-index=\"2\" ><div\n\t\t\t\n\t\t\tclass=\"so-widget-sow-image so-widget-sow-image-default-8b5b6f678277-2\"\n\t\t\t\n\t\t>\n<div class=\"sow-image-container\">\n\t\t<img \n\tsrc=\"https:\/\/www.ass-denkendorf.de\/wp-content\/uploads\/2026\/02\/Balladenabend.jpg\" width=\"1228\" height=\"908\" srcset=\"https:\/\/www.ass-denkendorf.de\/wp-content\/uploads\/2026\/02\/Balladenabend.jpg 1228w, https:\/\/www.ass-denkendorf.de\/wp-content\/uploads\/2026\/02\/Balladenabend-300x222.jpg 300w, https:\/\/www.ass-denkendorf.de\/wp-content\/uploads\/2026\/02\/Balladenabend-1024x757.jpg 1024w, https:\/\/www.ass-denkendorf.de\/wp-content\/uploads\/2026\/02\/Balladenabend-768x568.jpg 768w\" sizes=\"(max-width: 1228px) 100vw, 1228px\" alt=\"\" \t\tclass=\"so-widget-image\"\/>\n\t<\/div>\n\n<\/div><\/div><\/div><\/div><div id=\"pg-2-3\"  class=\"panel-grid panel-no-style\" ><div id=\"pgc-2-3-0\"  class=\"panel-grid-cell\" ><div id=\"panel-2-3-0-0\" class=\"so-panel widget widget_sow-editor panel-first-child panel-last-child\" data-index=\"3\" ><div\n\t\t\t\n\t\t\tclass=\"so-widget-sow-editor so-widget-sow-editor-base\"\n\t\t\t\n\t\t>\n<div class=\"siteorigin-widget-tinymce textwidget\">\n\t<p style=\"text-align: justify;\"><strong>Schulanmeldung f\u00fcr die zuk\u00fcnftigen Erstkl\u00e4ssler\/innen<\/strong><\/p>\n<p style=\"text-align: justify;\">Am 25.02.2026 fand die Schulanmeldung f\u00fcr die zuk\u00fcnftigen Erstkl\u00e4ssler\/innen an der Albert-Schweitzer-Schule statt. Dazu kamen die Kinder mit ihren Eltern zu einem fest zugeteilten Termin zwischen 14 und 16 Uhr in die Aula. Neben dem eigentlichen Anmeldeprozess gab es f\u00fcr die Kinder noch ein Bastelangebot. Au\u00dferdem konnte man sich an zwei St\u00e4nden \u00fcber die Schulsozialarbeit und die Ganztagesbetreuung informieren. F\u00fcr den kleinen Hunger versorgte die Klasse 7b der Realschule die Sch\u00fclerinnen und Sch\u00fcler und ihre Familien mit leckeren Waffeln. Wir freuen uns auf unsere neuen Erstkl\u00e4ssler\/innen im Schuljahr 2026\/27 und w\u00fcnschen allen bis dahin eine gute Zeit!<\/p>\n<p>&nbsp;<\/p>\n<\/div>\n<\/div><\/div><\/div><\/div><div id=\"pg-2-4\"  class=\"panel-grid panel-no-style\" ><div id=\"pgc-2-4-0\"  class=\"panel-grid-cell\" ><div id=\"panel-2-4-0-0\" class=\"so-panel widget widget_sow-image panel-first-child panel-last-child\" data-index=\"4\" ><div\n\t\t\t\n\t\t\tclass=\"so-widget-sow-image so-widget-sow-image-default-8b5b6f678277-2\"\n\t\t\t\n\t\t>\n<div class=\"sow-image-container\">\n\t\t<img \n\tsrc=\"https:\/\/www.ass-denkendorf.de\/wp-content\/uploads\/2026\/03\/Foto-Schulanmeldung.jpg\" width=\"720\" height=\"960\" srcset=\"https:\/\/www.ass-denkendorf.de\/wp-content\/uploads\/2026\/03\/Foto-Schulanmeldung.jpg 720w, https:\/\/www.ass-denkendorf.de\/wp-content\/uploads\/2026\/03\/Foto-Schulanmeldung-225x300.jpg 225w\" sizes=\"(max-width: 720px) 100vw, 720px\" title=\"Foto Schulanmeldung\" alt=\"\" \t\tclass=\"so-widget-image\"\/>\n\t<\/div>\n\n<\/div><\/div><\/div><\/div><div id=\"pg-2-5\"  class=\"panel-grid panel-no-style\" ><div id=\"pgc-2-5-0\"  class=\"panel-grid-cell\" ><div id=\"panel-2-5-0-0\" class=\"so-panel widget widget_sow-image panel-first-child panel-last-child\" data-index=\"5\" ><div\n\t\t\t\n\t\t\tclass=\"so-widget-sow-image so-widget-sow-image-default-8b5b6f678277-2\"\n\t\t\t\n\t\t>\n<div class=\"sow-image-container\">\n\t\t<img \n\tsrc=\"https:\/\/www.ass-denkendorf.de\/wp-content\/uploads\/2025\/07\/Fass-Danke.jpg\" width=\"588\" height=\"853\" srcset=\"https:\/\/www.ass-denkendorf.de\/wp-content\/uploads\/2025\/07\/Fass-Danke.jpg 588w, https:\/\/www.ass-denkendorf.de\/wp-content\/uploads\/2025\/07\/Fass-Danke-207x300.jpg 207w\" sizes=\"(max-width: 588px) 100vw, 588px\" title=\"Fass Danke\" alt=\"\" \t\tclass=\"so-widget-image\"\/>\n\t<\/div>\n\n<\/div><\/div><\/div><\/div><div id=\"pg-2-6\"  class=\"panel-grid panel-no-style\" ><div id=\"pgc-2-6-0\"  class=\"panel-grid-cell\" ><div id=\"panel-2-6-0-0\" class=\"so-panel widget widget_sow-image panel-first-child panel-last-child\" data-index=\"6\" ><div\n\t\t\t\n\t\t\tclass=\"so-widget-sow-image so-widget-sow-image-default-8b5b6f678277-2\"\n\t\t\t\n\t\t>\n<div class=\"sow-image-container\">\n\t\t<img \n\tsrc=\"https:\/\/www.ass-denkendorf.de\/wp-content\/uploads\/2025\/07\/Fass-Projekte.jpg\" width=\"596\" height=\"859\" srcset=\"https:\/\/www.ass-denkendorf.de\/wp-content\/uploads\/2025\/07\/Fass-Projekte.jpg 596w, https:\/\/www.ass-denkendorf.de\/wp-content\/uploads\/2025\/07\/Fass-Projekte-208x300.jpg 208w\" sizes=\"(max-width: 596px) 100vw, 596px\" title=\"Fass Projekte\" alt=\"\" \t\tclass=\"so-widget-image\"\/>\n\t<\/div>\n\n<\/div><\/div><\/div><\/div><div id=\"pg-2-7\"  class=\"panel-grid panel-no-style\" ><div id=\"pgc-2-7-0\"  class=\"panel-grid-cell\" ><div id=\"panel-2-7-0-0\" class=\"so-panel widget widget_sow-image panel-first-child panel-last-child\" data-index=\"7\" ><div\n\t\t\t\n\t\t\tclass=\"so-widget-sow-image so-widget-sow-image-default-8b5b6f678277-2\"\n\t\t\t\n\t\t>\n<div class=\"sow-image-container\">\n\t\t<img \n\tsrc=\"https:\/\/www.ass-denkendorf.de\/wp-content\/uploads\/2025\/03\/Verkehrssituation.jpg\" width=\"627\" height=\"901\" srcset=\"https:\/\/www.ass-denkendorf.de\/wp-content\/uploads\/2025\/03\/Verkehrssituation.jpg 627w, https:\/\/www.ass-denkendorf.de\/wp-content\/uploads\/2025\/03\/Verkehrssituation-209x300.jpg 209w\" sizes=\"(max-width: 627px) 100vw, 627px\" alt=\"\" \t\tclass=\"so-widget-image\"\/>\n\t<\/div>\n\n<\/div><\/div><\/div><\/div><div id=\"pg-2-8\"  class=\"panel-grid panel-no-style\" ><div id=\"pgc-2-8-0\"  class=\"panel-grid-cell\" ><div id=\"panel-2-8-0-0\" class=\"so-panel widget widget_sow-editor panel-first-child panel-last-child\" data-index=\"8\" ><div\n\t\t\t\n\t\t\tclass=\"so-widget-sow-editor so-widget-sow-editor-base\"\n\t\t\t\n\t\t>\n<div class=\"siteorigin-widget-tinymce textwidget\">\n\t<p><strong>Hier noch ein weiterer Hinweis:<\/strong><\/p>\n<\/div>\n<\/div><\/div><\/div><\/div><div id=\"pg-2-9\"  class=\"panel-grid panel-no-style\" ><div id=\"pgc-2-9-0\"  class=\"panel-grid-cell\" ><div id=\"panel-2-9-0-0\" class=\"so-panel widget widget_sow-image panel-first-child panel-last-child\" data-index=\"9\" ><div\n\t\t\t\n\t\t\tclass=\"so-widget-sow-image so-widget-sow-image-default-8b5b6f678277-2\"\n\t\t\t\n\t\t>\n<div class=\"sow-image-container\">\n\t\t<img \n\tsrc=\"https:\/\/www.ass-denkendorf.de\/wp-content\/uploads\/2021\/01\/IMG-20210115-WA0001.jpg\" width=\"1465\" height=\"1481\" srcset=\"https:\/\/www.ass-denkendorf.de\/wp-content\/uploads\/2021\/01\/IMG-20210115-WA0001.jpg 1465w, https:\/\/www.ass-denkendorf.de\/wp-content\/uploads\/2021\/01\/IMG-20210115-WA0001-297x300.jpg 297w, https:\/\/www.ass-denkendorf.de\/wp-content\/uploads\/2021\/01\/IMG-20210115-WA0001-1013x1024.jpg 1013w, https:\/\/www.ass-denkendorf.de\/wp-content\/uploads\/2021\/01\/IMG-20210115-WA0001-768x776.jpg 768w\" sizes=\"(max-width: 1465px) 100vw, 1465px\" alt=\"\" \t\tclass=\"so-widget-image\"\/>\n\t<\/div>\n\n<\/div><\/div><\/div><\/div><div id=\"pg-2-10\"  class=\"panel-grid panel-no-style\" ><div id=\"pgc-2-10-0\"  class=\"panel-grid-cell\" ><div id=\"panel-2-10-0-0\" class=\"so-panel widget widget_sow-editor panel-first-child panel-last-child\" data-index=\"10\" ><div\n\t\t\t\n\t\t\tclass=\"so-widget-sow-editor so-widget-sow-editor-base\"\n\t\t\t\n\t\t>\n<div class=\"siteorigin-widget-tinymce textwidget\">\n\t<p>&nbsp;<\/p>\n<p style=\"text-align: justify;\">Liebe Sch\u00fclerinnen und Sch\u00fcler, liebe Eltern, liebe Besucher unserer Homepage,<\/p>\n<p style=\"text-align: justify;\">vielen Dank f\u00fcr das Interesse an unserer Schule. Auf dieser Homepage erfahren Sie, auf welch vielf\u00e4ltige Art und Weise sich unser Schulleben gestaltet. Ich w\u00fcnsche Ihnen viel Spa\u00df beim St\u00f6bern.<\/p>\n<\/div>\n<\/div><\/div><\/div><\/div><div id=\"pg-2-11\"  class=\"panel-grid panel-no-style\" ><div id=\"pgc-2-11-0\"  class=\"panel-grid-cell panel-grid-cell-mobile-last\" ><div id=\"panel-2-11-0-0\" class=\"so-panel widget widget_sow-image panel-first-child panel-last-child\" data-index=\"11\" ><div\n\t\t\t\n\t\t\tclass=\"so-widget-sow-image so-widget-sow-image-default-8b5b6f678277-2\"\n\t\t\t\n\t\t>\n<div class=\"sow-image-container\">\n\t\t<img \n\tsrc=\"https:\/\/www.ass-denkendorf.de\/wp-content\/uploads\/2024\/01\/Eva-Marggraf.jpg\" width=\"530\" height=\"756\" srcset=\"https:\/\/www.ass-denkendorf.de\/wp-content\/uploads\/2024\/01\/Eva-Marggraf.jpg 530w, https:\/\/www.ass-denkendorf.de\/wp-content\/uploads\/2024\/01\/Eva-Marggraf-210x300.jpg 210w\" sizes=\"(max-width: 530px) 100vw, 530px\" title=\"Eva Marggraf\" alt=\"\" \t\tclass=\"so-widget-image\"\/>\n\t<\/div>\n\n<\/div><\/div><\/div><div id=\"pgc-2-11-1\"  class=\"panel-grid-cell panel-grid-cell-empty\" ><\/div><\/div><div id=\"pg-2-12\"  class=\"panel-grid panel-no-style\" ><div id=\"pgc-2-12-0\"  class=\"panel-grid-cell\" ><div id=\"panel-2-12-0-0\" class=\"so-panel widget widget_sow-editor panel-first-child panel-last-child\" data-index=\"12\" ><div\n\t\t\t\n\t\t\tclass=\"so-widget-sow-editor so-widget-sow-editor-base\"\n\t\t\t\n\t\t>\n<div class=\"siteorigin-widget-tinymce textwidget\">\n\t<p>Herzlichst Eva Marggraf<\/p>\n<p>Rektorin Albert-Schweitzer-Schule Denkendorf<\/p>\n<\/div>\n<\/div><\/div><\/div><\/div><div id=\"pg-2-13\"  class=\"panel-grid panel-no-style\" ><div id=\"pgc-2-13-0\"  class=\"panel-grid-cell\" ><div id=\"panel-2-13-0-0\" class=\"so-panel widget widget_sow-editor panel-first-child panel-last-child\" data-index=\"13\" ><div\n\t\t\t\n\t\t\tclass=\"so-widget-sow-editor so-widget-sow-editor-base\"\n\t\t\t\n\t\t>\n<div class=\"siteorigin-widget-tinymce textwidget\">\n\t<p style=\"text-align: justify;\">Sie befinden sich auf der Startseite der Albert-Schweitzer-Schule. Derzeit besuchen 535 Sch\u00fclerinnen und Sch\u00fcler die ASS. Davon gehen 141 Sch\u00fclerinnen und Sch\u00fcler zur Grundschule und 380 Sch\u00fclerinnen und Sch\u00fcler zur Realschule und 14 Sch\u00fclerinnen und Sch\u00fcler besuchen die VKL. Sie werden von 47 Lehrerinnen und Lehrer unterrichtet und unterst\u00fctzt. Wir befinden uns auf einem ca. 24500 m\u00b2 gro\u00dfen Schulgel\u00e4nde. Auf diesem befindet sich unser sch\u00f6n angelegter Pausenhof mit Kleinspielfeld und Weitsprunganlage, sowie mehrere Abstellpl\u00e4tze f\u00fcr Fahrr\u00e4der und Roller. In der Mensa gibt es w\u00e4hrend der Mittagspause ein leckeres Mittagessen.<\/p>\n<\/div>\n<\/div><\/div><\/div><\/div><div id=\"pg-2-14\"  class=\"panel-grid panel-no-style\" ><div id=\"pgc-2-14-0\"  class=\"panel-grid-cell\" ><div id=\"panel-2-14-0-0\" class=\"so-panel widget widget_sow-image panel-first-child\" data-index=\"14\" ><div\n\t\t\t\n\t\t\tclass=\"so-widget-sow-image so-widget-sow-image-default-8b5b6f678277-2\"\n\t\t\t\n\t\t>\n<div class=\"sow-image-container\">\n\t\t\t<a href=\"http:\/\/neu.ass-denkendorf.de\/wp-content\/uploads\/2016\/11\/Jubil%C3%A4um.jpg\"\n\t\t\ttarget=\"_blank\" rel=\"noopener noreferrer\" \t\t>\n\t\t\t<img \n\tsrc=\"https:\/\/www.ass-denkendorf.de\/wp-content\/uploads\/2020\/03\/Albert.jpg\" width=\"701\" height=\"1024\" srcset=\"https:\/\/www.ass-denkendorf.de\/wp-content\/uploads\/2020\/03\/Albert.jpg 701w, https:\/\/www.ass-denkendorf.de\/wp-content\/uploads\/2020\/03\/Albert-205x300.jpg 205w\" sizes=\"(max-width: 701px) 100vw, 701px\" alt=\"\" \t\tclass=\"so-widget-image\"\/>\n\t\t\t<\/a><\/div>\n\n<\/div><\/div><div id=\"panel-2-14-0-1\" class=\"so-panel widget widget_sow-editor panel-last-child\" data-index=\"15\" ><div\n\t\t\t\n\t\t\tclass=\"so-widget-sow-editor so-widget-sow-editor-base\"\n\t\t\t\n\t\t>\n<div class=\"siteorigin-widget-tinymce textwidget\">\n\t<p>Collage erstellt von Klasse 4a und 4b<\/p>\n<\/div>\n<\/div><\/div><\/div><\/div><\/div>","protected":false},"excerpt":{"rendered":"<p>Aktuelles: Pr\u00e4sentation des Themenelternabends &#8222;Digitale Gefahren besser verstehen&#8220; vom 17.03.26 , der freundlicherweise vom F\u00f6rderverein FASS gesponsert wurde. Pr\u00e4sentation bitte hier klicken<\/p>\n","protected":false},"author":1,"featured_media":0,"parent":0,"menu_order":0,"comment_status":"closed","ping_status":"open","template":"","meta":{"_mc_calendar":[],"footnotes":""},"class_list":["post-2","page","type-page","status-publish","hentry"],"_links":{"self":[{"href":"https:\/\/www.ass-denkendorf.de\/index.php?rest_route=\/wp\/v2\/pages\/2"}],"collection":[{"href":"https:\/\/www.ass-denkendorf.de\/index.php?rest_route=\/wp\/v2\/pages"}],"about":[{"href":"https:\/\/www.ass-denkendorf.de\/index.php?rest_route=\/wp\/v2\/types\/page"}],"author":[{"embeddable":true,"href":"https:\/\/www.ass-denkendorf.de\/index.php?rest_route=\/wp\/v2\/users\/1"}],"replies":[{"embeddable":true,"href":"https:\/\/www.ass-denkendorf.de\/index.php?rest_route=%2Fwp%2Fv2%2Fcomments&post=2"}],"version-history":[{"count":928,"href":"https:\/\/www.ass-denkendorf.de\/index.php?rest_route=\/wp\/v2\/pages\/2\/revisions"}],"predecessor-version":[{"id":12263,"href":"https:\/\/www.ass-denkendorf.de\/index.php?rest_route=\/wp\/v2\/pages\/2\/revisions\/12263"}],"wp:attachment":[{"href":"https:\/\/www.ass-denkendorf.de\/index.php?rest_route=%2Fwp%2Fv2%2Fmedia&parent=2"}],"curies":[{"name":"wp","href":"https:\/\/api.w.org\/{rel}","templated":true}]}}